{"id":163,"date":"2013-11-20T15:42:29","date_gmt":"2013-11-20T15:42:29","guid":{"rendered":"http:\/\/chor.xn--barnim-grneberg-7vb.de\/?page_id=163"},"modified":"2024-09-23T10:54:11","modified_gmt":"2024-09-23T08:54:11","slug":"termine","status":"publish","type":"page","link":"https:\/\/barnim-grueneberg.de\/chor\/termine\/","title":{"rendered":"Termine"},"content":{"rendered":"\r\n<p>&nbsp;<\/p>\r\n\r\n\r\n\r\n<p><strong>Chorprobe: Immer am Mittwoch, ab 20 Uhr, (au\u00dfer in den Ferien!!!<\/strong>)<\/p>\r\n\r\n\r\n\r\n<p><strong>im Doerps Kroog in Ocholt-Howiek<\/strong><\/p>\r\n\r\n\r\n\r\n<p class=\"has-medium-font-size\">&nbsp;<\/p>\r\n\r\n\r\n\r\n<p><strong>Wir w\u00fcrden uns \u00fcber interessierte S\u00e4ngerinnen und S\u00e4nger freuen!<\/strong><\/p>\r\n\r\n\r\n\r\n<p>&nbsp;<\/p>\r\n\r\n\r\n\r\n<h2 class=\"wp-block-heading\"><strong>Bei diesen Veranstaltungen kann man uns sehen und h\u00f6ren:<\/strong><\/h2>\r\n\r\n\r\n\r\n<ul class=\"wp-block-list\">\r\n<li><strong>10.11.2024 &#8211; 14.30 Uhr: S\u00e4ngernachmittag im Sonnenhof, WST<\/strong><\/li>\r\n<\/ul>\r\n\r\n\r\n\r\n<p>&nbsp;<\/p>\r\n\r\n\r\n\r\n<p>&nbsp;<\/p>\r\n\r\n\r\n\r\n<figure><iframe loading=\"lazy\" src=\"https:\/\/www.google.com\/maps\/embed?pb=!1m18!1m12!1m3!1d2390.017671487418!2d7.894899115724228!3d53.19959927994857!2m3!1f0!2f0!3f0!3m2!1i1024!2i768!4f13.1!3m3!1m2!1s0x47b6fc918b7bbc5d%3A0xeed7ded1ca46ce9f!2sDoersps+Kroog+Inh.+K-H+Enenkel!5e0!3m2!1sde!2sde!4v1551954911405\" width=\"600\" height=\"450\" allowfullscreen=\"allowfullscreen\"><\/iframe><\/figure>\r\n\r\n\r\n\r\n<h3 class=\"wp-block-heading\">Anfahrt zum Doerps Kroog<\/h3>\r\n","protected":false},"excerpt":{"rendered":"<p>&nbsp; Chorprobe: Immer am Mittwoch, ab 20 Uhr, (au\u00dfer in den Ferien!!!) im Doerps Kroog in Ocholt-Howiek &nbsp; Wir w\u00fcrden uns \u00fcber interessierte S\u00e4ngerinnen und S\u00e4nger freuen! &nbsp; Bei diesen Veranstaltungen kann man uns sehen und h\u00f6ren:<\/p>\n","protected":false},"author":1,"featured_media":0,"parent":0,"menu_order":0,"comment_status":"closed","ping_status":"closed","template":"sidebar-page.php","meta":{"ngg_post_thumbnail":0,"footnotes":""},"class_list":["post-163","page","type-page","status-publish","hentry"],"_links":{"self":[{"href":"https:\/\/barnim-grueneberg.de\/chor\/wp-json\/wp\/v2\/pages\/163","targetHints":{"allow":["GET"]}}],"collection":[{"href":"https:\/\/barnim-grueneberg.de\/chor\/wp-json\/wp\/v2\/pages"}],"about":[{"href":"https:\/\/barnim-grueneberg.de\/chor\/wp-json\/wp\/v2\/types\/page"}],"author":[{"embeddable":true,"href":"https:\/\/barnim-grueneberg.de\/chor\/wp-json\/wp\/v2\/users\/1"}],"replies":[{"embeddable":true,"href":"https:\/\/barnim-grueneberg.de\/chor\/wp-json\/wp\/v2\/comments?post=163"}],"version-history":[{"count":73,"href":"https:\/\/barnim-grueneberg.de\/chor\/wp-json\/wp\/v2\/pages\/163\/revisions"}],"predecessor-version":[{"id":1300,"href":"https:\/\/barnim-grueneberg.de\/chor\/wp-json\/wp\/v2\/pages\/163\/revisions\/1300"}],"wp:attachment":[{"href":"https:\/\/barnim-grueneberg.de\/chor\/wp-json\/wp\/v2\/media?parent=163"}],"curies":[{"name":"wp","href":"https:\/\/api.w.org\/{rel}","templated":true}]}}

<p>&nbsp;</p>



<p><strong>Chorprobe: Immer am Mittwoch, ab 20 Uhr, (außer in den Ferien!!!</strong>)</p>



<p><strong>im Doerps Kroog in Ocholt-Howiek</strong></p>



<p class="has-medium-font-size">&nbsp;</p>



<p><strong>Wir würden uns über interessierte Sängerinnen und Sänger freuen!</strong></p>



<p>&nbsp;</p>



<h2 class="wp-block-heading"><strong>Bei diesen Veranstaltungen kann man uns sehen und hören:</strong></h2>



<ul class="wp-block-list">
<li><strong>10.11.2024 &#8211; 14.30 Uhr: Sängernachmittag im Sonnenhof, WST</strong></li>
</ul>



<p>&nbsp;</p>



<p>&nbsp;</p>



<figure><iframe loading="lazy" src="https://www.google.com/maps/embed?pb=!1m18!1m12!1m3!1d2390.017671487418!2d7.894899115724228!3d53.19959927994857!2m3!1f0!2f0!3f0!3m2!1i1024!2i768!4f13.1!3m3!1m2!1s0x47b6fc918b7bbc5d%3A0xeed7ded1ca46ce9f!2sDoersps+Kroog+Inh.+K-H+Enenkel!5e0!3m2!1sde!2sde!4v1551954911405" width="600" height="450" allowfullscreen="allowfullscreen"></iframe></figure>



<h3 class="wp-block-heading">Anfahrt zum Doerps Kroog</h3>

<p>&nbsp; Chorprobe: Immer am Mittwoch, ab 20 Uhr, (außer in den Ferien!!!) im Doerps Kroog in Ocholt-Howiek &nbsp; Wir würden uns über interessierte Sängerinnen und Sänger freuen! &nbsp; Bei diesen Veranstaltungen kann man uns sehen und hören:</p>
