{"id":6,"date":"2013-11-10T18:47:47","date_gmt":"2013-11-10T18:47:47","guid":{"rendered":"http:\/\/chor.xn--barnim-grneberg-7vb.de\/?page_id=6"},"modified":"2019-05-31T12:59:02","modified_gmt":"2019-05-31T10:59:02","slug":"startseite","status":"publish","type":"page","link":"https:\/\/barnim-grueneberg.de\/chor\/","title":{"rendered":"Startseite"},"content":{"rendered":"<h1><em><strong>Herzlich Willkommen!<br \/>\n<\/strong><\/em><\/h1>\n<h1><em><strong>Wir begr\u00fc\u00dfen euch auf den Seiten des Gemischten Chor Ocholt e.V.!<\/strong><\/em><\/h1>\n<p>Sch\u00f6n, dass ihr bei uns reinschaut und da ihr schon mal da seid, w\u00fcnschen wir euch viel Spa\u00df beim &#8222;st\u00f6bern&#8220;!<\/p>\n<p>Noch mehr w\u00fcrden wir uns allerdings freuen, wenn ihr mal live bei uns vorbei schaut, denn wir k\u00f6nnen immer neue S\u00e4ngerinnen und S\u00e4nger gebrauchen!<br \/>\nImmer Mittwochs um 20:00 Uhr im D\u00f6rps Kroog in Howiek!<br \/>\n<em>(au\u00dfer in den Ferien)<\/em><\/p>\n<p><a href=\"https:\/\/chor-ocholt.de\/wp-content\/uploads\/2019\/05\/chor-ocholt-mai2019_02.jpg\"><img loading=\"lazy\" decoding=\"async\" class=\"alignnone size-large wp-image-989\" src=\"https:\/\/chor-ocholt.de\/wp-content\/uploads\/2019\/05\/chor-ocholt-mai2019_02-1024x737.jpg\" alt=\"\" width=\"584\" height=\"420\" srcset=\"https:\/\/barnim-grueneberg.de\/chor\/wp-content\/uploads\/2019\/05\/chor-ocholt-mai2019_02.jpg 1024w, https:\/\/barnim-grueneberg.de\/chor\/wp-content\/uploads\/2019\/05\/chor-ocholt-mai2019_02-300x216.jpg 300w, https:\/\/barnim-grueneberg.de\/chor\/wp-content\/uploads\/2019\/05\/chor-ocholt-mai2019_02-768x553.jpg 768w, https:\/\/barnim-grueneberg.de\/chor\/wp-content\/uploads\/2019\/05\/chor-ocholt-mai2019_02-417x300.jpg 417w\" sizes=\"auto, (max-width: 584px) 100vw, 584px\" \/><\/a><\/p>\n","protected":false},"excerpt":{"rendered":"<p>Herzlich Willkommen! Wir begr\u00fc\u00dfen euch auf den Seiten des Gemischten Chor Ocholt e.V.! Sch\u00f6n, dass ihr bei uns reinschaut und da ihr schon mal da seid, w\u00fcnschen wir euch viel Spa\u00df beim &#8222;st\u00f6bern&#8220;! Noch mehr w\u00fcrden wir uns allerdings freuen, &hellip; <a href=\"https:\/\/barnim-grueneberg.de\/chor\/\">Weiterlesen <span class=\"meta-nav\">&rarr;<\/span><\/a><\/p>\n","protected":false},"author":1,"featured_media":0,"parent":0,"menu_order":0,"comment_status":"closed","ping_status":"closed","template":"sidebar-page.php","meta":{"ngg_post_thumbnail":0,"footnotes":""},"class_list":["post-6","page","type-page","status-publish","hentry"],"_links":{"self":[{"href":"https:\/\/barnim-grueneberg.de\/chor\/wp-json\/wp\/v2\/pages\/6","targetHints":{"allow":["GET"]}}],"collection":[{"href":"https:\/\/barnim-grueneberg.de\/chor\/wp-json\/wp\/v2\/pages"}],"about":[{"href":"https:\/\/barnim-grueneberg.de\/chor\/wp-json\/wp\/v2\/types\/page"}],"author":[{"embeddable":true,"href":"https:\/\/barnim-grueneberg.de\/chor\/wp-json\/wp\/v2\/users\/1"}],"replies":[{"embeddable":true,"href":"https:\/\/barnim-grueneberg.de\/chor\/wp-json\/wp\/v2\/comments?post=6"}],"version-history":[{"count":14,"href":"https:\/\/barnim-grueneberg.de\/chor\/wp-json\/wp\/v2\/pages\/6\/revisions"}],"predecessor-version":[{"id":990,"href":"https:\/\/barnim-grueneberg.de\/chor\/wp-json\/wp\/v2\/pages\/6\/revisions\/990"}],"wp:attachment":[{"href":"https:\/\/barnim-grueneberg.de\/chor\/wp-json\/wp\/v2\/media?parent=6"}],"curies":[{"name":"wp","href":"https:\/\/api.w.org\/{rel}","templated":true}]}}

<h1><em><strong>Herzlich Willkommen!<br />
</strong></em></h1>
<h1><em><strong>Wir begrüßen euch auf den Seiten des Gemischten Chor Ocholt e.V.!</strong></em></h1>
<p>Schön, dass ihr bei uns reinschaut und da ihr schon mal da seid, wünschen wir euch viel Spaß beim &#8222;stöbern&#8220;!</p>
<p>Noch mehr würden wir uns allerdings freuen, wenn ihr mal live bei uns vorbei schaut, denn wir können immer neue Sängerinnen und Sänger gebrauchen!<br />
Immer Mittwochs um 20:00 Uhr im Dörps Kroog in Howiek!<br />
<em>(außer in den Ferien)</em></p>
<p><a href="https://chor-ocholt.de/wp-content/uploads/2019/05/chor-ocholt-mai2019_02.jpg"><img loading="lazy" decoding="async" class="alignnone size-large wp-image-989" src="https://chor-ocholt.de/wp-content/uploads/2019/05/chor-ocholt-mai2019_02-1024x737.jpg" alt="" width="584" height="420" srcset="https://barnim-grueneberg.de/chor/wp-content/uploads/2019/05/chor-ocholt-mai2019_02.jpg 1024w, https://barnim-grueneberg.de/chor/wp-content/uploads/2019/05/chor-ocholt-mai2019_02-300x216.jpg 300w, https://barnim-grueneberg.de/chor/wp-content/uploads/2019/05/chor-ocholt-mai2019_02-768x553.jpg 768w, https://barnim-grueneberg.de/chor/wp-content/uploads/2019/05/chor-ocholt-mai2019_02-417x300.jpg 417w" sizes="auto, (max-width: 584px) 100vw, 584px" /></a></p>

<p>Herzlich Willkommen! Wir begrüßen euch auf den Seiten des Gemischten Chor Ocholt e.V.! Schön, dass ihr bei uns reinschaut und da ihr schon mal da seid, wünschen wir euch viel Spaß beim &#8222;stöbern&#8220;! Noch mehr würden wir uns allerdings freuen, &hellip; <a href="https://barnim-grueneberg.de/chor/">Weiterlesen <span class="meta-nav">&rarr;</span></a></p>
